 3*q + 6. What is the remainder when z(-4) is divided by v?
1
Let w(b) = 5 - 3*b**3 + 4*b**3 - 5*b**2 + 2 - 5*b. Let o be w(5). Let l = -5 - o. What is the remainder when 51 is divided by l?
12
Let b = -7 + 12. Suppose b*h - 34 = -3*v, -h + 5 = -5*v + 3*h. Suppose 5*f = v*k + 150, 2*f + k = 4*f - 59. What is the remainder when f is divided by 10?
7
Let g = -6 + 25. What is the remainder when g is divided by 7?
5
Suppose -2*h = b - 17, 7*h - 3*h - 5*b - 69 = 0. Calculate the remainder when h is divided by 4.
3
Let d(n) = -6*n**2 - n**3 + 5 - n**3 + 2*n + 3*n**3. Calculate the remainder when ((-7)/(-21))/(1/99) is divided by d(6).
16
Let y = 1 - -32. What is the remainder when y is divided by 18?
15
Let t(s) = 8*s**2 - 2*s. Calculate the remainder when t(-3) is divided by 16.
14
Let y(v) = 16*v + 4. Suppose -2 = -2*p + 4. What is the remainder when y(p) is divided by 18?
16
Suppose 0*m = -4*m + 24. Suppose -24 = z - 35. What is the remainder when z is divided by m?
5
Suppose -17*z - 42 = -19*z. What is the remainder when 41 is divided by z?
20
Let z be ((-8)/(-5))/(12/210). Let q = z + -5. Calculate the remainder when q is divided by 8.
7
Suppose u + 4*u = 85. What is the remainder when 33 is divided by u?
16
Suppose 2*k - 3 = 3*k. Let l(o) = -o**3 - 2*o**2 - 3*o - 1. What is the remainder when l(k) is divided by 9?
8
Let f = -1 - -3. Suppose 0*k + f*k - 26 = 0. Let b(q) = 6*q + 1. Calculate the remainder when b(8) is divided by k.
10
Let g(x) = -x - 15. Let i be g(9). Let a = i - -43. What is the remainder when a is divided by 11?
8
Let q = 13 - -15. Let w be (81/6)/((-3)/(-4)). Let j = w - 3. What is the remainder when q is divided by j?
13
Let q be (4 - 13)*(-1 + 2). Calculate the remainder when 29 is divided by (1 - q)*(2 - 1).
9
Let p(j) = j**2 + 13*j + 15. Calculate the remainder when p(-13) is divided by (9/3)/(2/6).
6
Let v = -13 - -17. Suppose -b + 32 = v*c - 131, -15 = 3*b. Calculate the remainder when c is divided by 11.
9
Let d = 18 - -2. Suppose -c - d - 4 = 0. Let p = 39 + c. What is the remainder when 43 is divided by p?
13
Let v = -83 - -132. Calculate the remainder when 194 is divided by v.
47
Let n(s) = 4*s - 7. Let u(i) = 3*i**2 - i - 5. Let c be u(5). Suppose -125 = -5*o + c. What is the remainder when o is divided by n(5)?
12
Let g(c) = 7*c**2 + c + 1. Calculate the remainder when 14/(38 + 4)*(-636)/(-2) is divided by g(-2).
25
Suppose -5*q - 3*p = -100, -2*q = -4*p + 6*p - 40. What is the remainder when q is divided by 8?
4
Suppose -2*y + 6 = y + p, -12 = -4*p. Suppose 3*a + 0 - 3 = 0. What is the remainder when y is divided by a?
0
Let a = -115 - -127. Calculate the remainder when 29 is divided by a.
5
Let b be ((-6)/10)/(2/(-10)). Suppose 0 = 4*y - b*x - 39 - 121, -2*y - 4*x = -102. What is the remainder when y is divided by 3/12 + (-118)/(-8)?
13
Suppose 2*h - 75 = -5*x + 34, 172 = 3*h - x. Let r be 2/7 - h/(-21). Calculate the remainder when 92/r + 2/6 is divided by 16.
15
Suppose d - 142 = -5*c + 2*d, -5*c - 2*d + 151 = 0. Calculate the remainder when c is divided by 8.
5
Suppose -3*d + 117 = g, 0*d + 123 = 3*d - g. What is the remainder when d is divided by 7?
5
Suppose -2*n - 3 = c - 0, -2*c = -5*n - 3. Let d be -1*5 + (1 - n). Let f = d + 8. Calculate the remainder when f is divided by 3.
2
Let d be -3 + (1 - 14 - 1). Let r = d + 20. What is the remainder when 4 is divided by r?
1
Suppose 12 = 4*a - 2*a. Let u(d) = 4*d**2 - d + 1. What is the remainder when a/9 + (-16)/(-3) is divided by u(1)?
2
Calculate the remainder when 2/6 + 590/30 is divided by 10.
0
Let o(i) = -i**3 - 7*i**2 + i - 7. Let p be o(-8). Suppose j - 3*z = z + 5, 5*z - p = -3*j. What is the remainder when 24 is divided by j?
11
Let t(p) = 20*p. Let u be t(1). Suppose 4*g - 3*h + 6*h - 20 = 0, u = 5*h. Suppose g*v - 58 = -6. Calculate the remainder when v is divided by 9.
8
Let r(z) = -z**3 + 3*z**2 - 1. Let f be (-2)/(-8) + (-35)/(-4). Let q = f - 4. Calculate the remainder when q is divided by r(2).
2
Let a be (-61 - (5 - 2)) + 3. Let x = a - -86. Calculate the remainder when x is divided by 9.
7
Let d = 7 + -12. Let g be (-85)/(-2)*(-12)/d. Suppose -g = -0*s - 2*s. Calculate the remainder when s is divided by 13.
12
Suppose 5*n + 0*g = -g + 652, 5*n + 5*g = 660. Let j = -90 + n. Calculate the remainder when j is divided by ((-3)/(-2))/((-6)/(-56)).
12
Let w = -15 + 4. Let p = w - -19. Let a(y) = y**3 - 8*y**2 + y. Calculate the remainder when 15 is divided by a(p).
7
Let x(s) = 12*s - 1. Let a be x(1). Suppose 3*b + 11 = -1. Let o = a + b. Calculate the remainder when 20 is divided by o.
6
Let c be (-14)/6*9/3. Let k = c + 11. Calculate the remainder when ((-49)/(-4))/(1/k) is divided by 13.
10
Suppose -2*q = 9 - 1, 0 = 4*x + 4*q - 52. Calculate the remainder when 82 is divided by x.
14
What is the remainder when 92 is divided by -5 + 1 - -5 - -30?
30
Let z(a) = -a**3 + a**2 - 4. Let p be z(0). Let m = 10 - p. Calculate the remainder when m is divided by 4.
2
Suppose -w = 3 - 15. Let g = -43 + 88. Calculate the remainder when g is divided by w.
9
Let j = -154 - -216. Calculate the remainder when j is divided by 19.
5
Let j be (-12)/((2 + -1)*1). Let o = -17 - j. Let k = 3 - o. Calculate the remainder when k is divided by 5.
3
Let s(q) = q**3 - 3*q**2 + 5. Let r be s(4). Suppose -l = 2 - r. Suppose 2*x + l = 3*x. Calculate the remainder when x is divided by 10.
9
What is the remainder when (18/(-10))/(4 - 783/195) is divided by (8/3)/((-1)/(-9))?
21
Let i = -30 - -19. Let c(m) = -m**3 - 10*m**2 + 7*m + 15. What is the remainder when c(i) is divided by 20?
19
Let r(a) be the first derivative of -a**2/2 + 13*a - 1. What is the remainder when (5 - 3) + (-18)/(-2) is divided by r(9)?
3
Let m(q) = 5*q + 8. Let t(k) = 2*k**2 + 6*k + 2. Suppose -4*j + 5 = 21. What is the remainder when m(6) is divided by t(j)?
8
Suppose -7 = -5*c + 153. Let l = 53 + -36. Calculate the remainder when c is divided by l.
15
Let l(c) = 2*c**2 + 3*c + 5. What is the remainder when l(-4) is divided by (8/(-1) - -3 - -2) + 10?
4
Let m = -133 - -83. Let r = m - -71. Calculate the remainder when 40 is divided by r.
19
Suppose 0 = 2*p, p - 5 = -v + 5*p. Suppose -v*y = -0*y + 2*r - 10, 4*r = 3*y - 32. What is the remainder when y is divided by 3?
1
Let f = 11 - 5. Let n = -6 + 16. What is the remainder when n is divided by f?
4
Let h be 1 - 3/(-3)*-1. Suppose h*d - 40 = -2*d. Calculate the remainder when 39 is divided by d.
19
Suppose -5 + 0 = -5*j. What is the remainder when 24 is divided by j*-2*(-39)/6?
11
Suppose 5*z + 2 = -23, z = -2*s + 5. Let o(k) = k**3 - 2*k**2 - 6*k + 6. What is the remainder when o(4) is divided by s?
4
Let w(f) = f**2 - 2*f + 5. Suppose -2*x + 14 = -u, -4*u + 0*x + 5*x - 44 = 0. Let k(p) = -7*p - 4. What is the remainder when k(u) is divided by w(4)?
12
Let o(u) = 2*u**2 + u - 3. Let i be o(3). Suppose 3*r - 49 + i = -2*g, 5*r = -g + 47. Let d = 8 + 8. What is the remainder when d is divided by r?
7
Suppose 5*d - 2*d = 165. Suppose 4*p - d = -p. What is the remainder when 31 is divided by p?
9
Suppose -2*g - 3*g + 165 = 0. Calculate the remainder when g is divided by 18.
15
Let t = -9 - -13. Suppose -3*h = -2*o - 25, 3*o + t = 4*h - 30. What is the remainder when 32 is divided by h?
4
Let p(r) = 18*r**2 + 2*r - 1. What is the remainder when p(1) is divided by (-1 - -3)/((-2)/(-5))?
4
Let i(a) = a**3 + 6*a**2 - 7*a. Let l be i(-7). Suppose 0 = -m + 21 - l. Let k = 12 + m. What is the remainder when k is divided by 17?
16
Suppose -3*q = -44 - 4. Calculate the remainder when 44 is divided by q.
12
Suppose -3*f + 2 = -7. Let k(c) = c. Let j(d) = 4*d + 5. Let v(y) = -j(y) + 5*k(y). Calculate the remainder when v(9) is divided by f.
1
Suppose -3*h = -3*x + 33, 2*x - 2 - 23 = -h. Let d be ((-6)/(-8))/(3/x). Calculate the remainder when (39 - 2)/(d/3) is divided by 13.
11
Let l = 10 + -7. Suppose 2*h = 2*g - 26, 0 = -l*g - 5*h - 3 + 10. Calculate the remainder when 35 is divided by g.
8
Let m(c) = 3*c**2 + 10*c + 6. Let n(z) = z**2 + 1. Let k(t) = -m(t) + 2*n(t). What is the remainder when 59 is divided by k(-6)?
19
Let h(q) = 32*q - 1. Suppose g - 90 = -4*g - t, -5*g + 60 = -5*t. What is the remainder when h(1) is divided by g?
14
Suppose 2*c = 6*c - 116.